{"id":7,"date":"2018-09-19T12:08:47","date_gmt":"2018-09-19T12:08:47","guid":{"rendered":"https:\/\/themes.muffingroup.com\/be\/burger2\/?page_id=7"},"modified":"2026-02-05T17:31:47","modified_gmt":"2026-02-05T17:31:47","slug":"chocolates-nuchs","status":"publish","type":"page","link":"https:\/\/nuchs.com.ar\/","title":{"rendered":"Chocolates Nuchs, chocolate artesanal y productos patagonicos."},"content":{"rendered":"<h2 class=\"themecolor\">NUCHS Chocolates<\/h2>\n<p><a href=\"https:\/\/nuchs.com.ar\/contact\/\">Nuchs<\/a> es sin\u00f3nimo de chocolates artesanales, con elaboraci\u00f3n a la vista en Bah\u00eda Blanca.<\/p>\n<p>La capacitaci\u00f3n y las t\u00e9cnicas son fundamentales para poder crear la variedad exclusiva de recetas propias que hoy ofrecemos, en otras palabras, para ofrecer un producto \u00fanico.<\/p>\n<p>Bombones, Trufas, en rama, barritas, Especiados, Amargo 80% Cacao, Chocolates con Stevia sin azucar.<\/p>\n<p><b>Productos regionales Patagonicos: <\/b>Tortas Galesas, T\u00e9 en hebras, en saquitos, especias ahumadas y dulces.<\/p>\n<h5>\u00danico servicio en Bah\u00eda Blanca<\/h5>\n<h2>Exclusiva elaboraci\u00f3n <b>a la vista\u00a0<\/b>de Chocolates y Bombones.<\/h2>\n<p class=\"big\">Realizados con la mejor selecci\u00f3n de cacao.<\/p>\n<p>Chocolate exclusivo en Bahia Blanca. Nuchs te brinda todas las variantes en chocolates y productos exclusivos de la Patagonia. Torta Negra Galesa y T\u00e9 de los mas diversos sabores. En otras palabras, somos los \u00fanicos en Bahia Blanca que te ofrecen calidad y exclusividad.<\/p>\n<p>Aceptamos todas las tarjetas de credito.<\/p>\n<p>Abon\u00e1 a trav\u00e9s de Mercado Pago.<\/p>\n<h2>\u00bfQu\u00e9 es el cacao?<\/h2>\n<p>El cacao es un\u00a0<strong>\u00e1rbol<\/strong>\u00a0procedente de Am\u00e9rica que produce un\u00a0<strong>fruto<\/strong>\u00a0del mismo nombre que se puede utilizar como ingrediente para alimentos entre los que destaca el\u00a0<strong>chocolate<\/strong>. Su uso se remonta a la \u00e9poca de los mayas, aztecas e incas, y desde entonces se ha usado tanto para fines nutricionales como m\u00e9dicos.<\/p>\n<h2>Composici\u00f3n<\/h2>\n<p>El cacao cuenta con un alto \u00edndice de grasas (sobre todo saturadas, y en menor medida, monoinsaturadas y poliinstauradas),\u00a0<a href=\"https:\/\/cuidateplus.marca.com\/alimentacion\/diccionario\/carbohidratos.html\" target=\"_self\" rel=\"follow noopener noreferrer\"><strong>hidratos de carbono<\/strong><\/a>\u00a0y\u00a0<a href=\"https:\/\/cuidateplus.marca.com\/alimentacion\/diccionario\/proteinas.html\" target=\"_self\" rel=\"follow noopener noreferrer\"><strong>prote\u00ednas<\/strong><\/a>, pero tambi\u00e9n contiene\u00a0<a href=\"https:\/\/cuidateplus.marca.com\/alimentacion\/diccionario\/magnesio.html\" target=\"_self\" rel=\"follow noopener noreferrer\"><strong>magnesio<\/strong><\/a>, f\u00f3sforo, potasio, teobromina, cafe\u00edna, antioxidantes y agua, entre otros.<\/p>\n<p>El cacao adem\u00e1s destaca por tener un elevado aporte de\u00a0<strong>energ\u00eda<\/strong>, por lo que suele indicarse para aquellas personas que realicen actividades deportivas o ejercicio f\u00edsico de manera intensa.<\/p>\n<h2>Usos<\/h2>\n<h3>Como alimento<\/h3>\n<p>El principal uso que tiene el cacao es para hacer chocolate, para lo que se usa tanto el polvo como la grasa que se obtiene de la trituraci\u00f3n de su fruto una vez fermentado. De este fruto se consigue tanto el\u00a0<strong>polvo de cacao<\/strong>\u00a0como la\u00a0<strong>manteca<\/strong>. Ambas se suelen mezclar junto a az\u00facares refinados y\u00a0<a href=\"https:\/\/cuidateplus.marca.com\/alimentacion\/diccionario\/leche.html\" target=\"_self\" rel=\"follow noopener noreferrer\"><strong>leche<\/strong><\/a>; dependiendo de la cantidad que se utiliza de cada uno surgen los distintos tipos de chocolate.<\/p>\n<p>La adici\u00f3n de estos componentes hace que el chocolate tenga a\u00fan m\u00e1s\u00a0<strong>aportes nutritivos<\/strong>\u00a0junto a los ya presentes en el cacao, como la\u00a0<a href=\"https:\/\/cuidateplus.marca.com\/alimentacion\/diccionario\/vitamina-a.html\" target=\"_self\" rel=\"follow noopener noreferrer\"><strong>vitamina A<\/strong><\/a>, la vitamina B, el\u00a0<a href=\"https:\/\/cuidateplus.marca.com\/alimentacion\/diccionario\/calcio.html\" target=\"_self\" rel=\"follow noopener noreferrer\"><strong>calcio<\/strong><\/a>, el\u00a0<a href=\"https:\/\/cuidateplus.marca.com\/alimentacion\/diccionario\/hierro.html\" target=\"_self\" rel=\"follow noopener noreferrer\"><strong>hierro<\/strong><\/a>\u00a0o el cobre.<\/p>\n<h3>Como remedio medicinal<\/h3>\n<p>Seg\u00fan el\u00a0<a href=\"http:\/\/www.eufic.org\/article\/es\/artid\/propiedades-beneficiosas-flavanoides-cacao\/\" target=\"_blank\" rel=\"nofollow noopener noreferrer\"><strong>Consejo Europeo de Informaci\u00f3n sobre la Alimentaci\u00f3n<\/strong><\/a>\u00a0(Eufic), desde su descubrimiento se han desarrollado m\u00e1s de\u00a0<strong>cien usos medicinales del cacao<\/strong>. Los tratamientos que utilizan los recursos del \u00e1rbol del cacao sirven para curar o aliviar el cansancio, la delgadez extrema, la fiebre, los problemas cardiacos, la anemia o los problemas renales e intestinales.<\/p>\n<h3>Como cosm\u00e9tico<\/h3>\n<p>La manteca de cacao tambi\u00e9n se puede usar como un cosm\u00e9tico que sirve para tratar ciertos problemas de la piel como pueden ser las<strong>\u00a0arrugas,\u00a0<\/strong>las<strong>\u00a0estr\u00edas\u00a0<\/strong>o incluso para el<strong>\u00a0cabello<\/strong>.<\/p>\n<h2>Historia<\/h2>\n<p>El cacao era utilizado por las tribus maya, azteca e inca\u00a0<strong>hace m\u00e1s de 2.500 a\u00f1os<\/strong>, primordialmente como remedio medicinal o como moneda de cambio. Su introducci\u00f3n en\u00a0<strong>Europa<\/strong>\u00a0no llega hasta el\u00a0<strong>siglo XV<\/strong>\u00a0tras la colonizaci\u00f3n de Am\u00e9rica, cuando se import\u00f3 junto a otros alimentos como las patatas o los tomates.<\/p>\n","protected":false},"excerpt":{"rendered":"<p>NUCHS Chocolates Nuchs es sin\u00f3nimo de chocolates artesanales, con elaboraci\u00f3n a la vista en Bah\u00eda Blanca. La capacitaci\u00f3n y las t\u00e9cnicas son fundamentales para poder crear<span class=\"excerpt-hellip\"> [\u2026]<\/span><\/p>\n","protected":false},"author":1,"featured_media":138,"parent":0,"menu_order":0,"comment_status":"closed","ping_status":"closed","template":"","meta":{"footnotes":""},"class_list":["post-7","page","type-page","status-publish","has-post-thumbnail","hentry"],"yoast_head":"<!-- This site is optimized with the Yoast SEO plugin v26.9 - https:\/\/yoast.com\/product\/yoast-seo-wordpress\/ -->\n<title>Chocolates Nuchs, chocolate artesanal y productos patagonicos. - NUCHS<\/title>\n<meta name=\"description\" content=\"Chocolates, Bombones, Trufas, en rama, barritas, Especiados, Amargo 80% Cacao, Chocolates con Stevia sin azucar, Productos regionales Patagonicos.\" \/>\n<meta name=\"robots\" content=\"index, follow, max-snippet:-1, max-image-preview:large, max-video-preview:-1\" \/>\n<link rel=\"canonical\" href=\"https:\/\/nuchs.com.ar\/\" \/>\n<meta property=\"og:locale\" content=\"es_ES\" \/>\n<meta property=\"og:type\" content=\"article\" \/>\n<meta property=\"og:title\" content=\"Chocolates Nuchs, chocolate artesanal y productos patagonicos. - NUCHS\" \/>\n<meta property=\"og:description\" content=\"Chocolates, Bombones, Trufas, en rama, barritas, Especiados, Amargo 80% Cacao, Chocolates con Stevia sin azucar, Productos regionales Patagonicos.\" \/>\n<meta property=\"og:url\" content=\"https:\/\/nuchs.com.ar\/\" \/>\n<meta property=\"og:site_name\" content=\"NUCHS\" \/>\n<meta property=\"article:modified_time\" content=\"2026-02-05T17:31:47+00:00\" \/>\n<meta property=\"og:image\" content=\"https:\/\/nuchs.com.ar\/wp-content\/uploads\/2019\/10\/70458367_2730192760373682_546444265253765120_n.jpg\" \/>\n\t<meta property=\"og:image:width\" content=\"960\" \/>\n\t<meta property=\"og:image:height\" content=\"960\" \/>\n\t<meta property=\"og:image:type\" content=\"image\/jpeg\" \/>\n<meta name=\"twitter:card\" content=\"summary_large_image\" \/>\n<meta name=\"twitter:label1\" content=\"Tiempo de lectura\" \/>\n\t<meta name=\"twitter:data1\" content=\"3 minutos\" \/>\n<script type=\"application\/ld+json\" class=\"yoast-schema-graph\">{\"@context\":\"https:\/\/schema.org\",\"@graph\":[{\"@type\":\"WebPage\",\"@id\":\"https:\/\/nuchs.com.ar\/\",\"url\":\"https:\/\/nuchs.com.ar\/\",\"name\":\"Chocolates Nuchs, chocolate artesanal y productos patagonicos. - NUCHS\",\"isPartOf\":{\"@id\":\"https:\/\/nuchs.com.ar\/#website\"},\"primaryImageOfPage\":{\"@id\":\"https:\/\/nuchs.com.ar\/#primaryimage\"},\"image\":{\"@id\":\"https:\/\/nuchs.com.ar\/#primaryimage\"},\"thumbnailUrl\":\"https:\/\/nuchs.com.ar\/wp-content\/uploads\/2019\/10\/70458367_2730192760373682_546444265253765120_n.jpg\",\"datePublished\":\"2018-09-19T12:08:47+00:00\",\"dateModified\":\"2026-02-05T17:31:47+00:00\",\"description\":\"Chocolates, Bombones, Trufas, en rama, barritas, Especiados, Amargo 80% Cacao, Chocolates con Stevia sin azucar, Productos regionales Patagonicos.\",\"breadcrumb\":{\"@id\":\"https:\/\/nuchs.com.ar\/#breadcrumb\"},\"inLanguage\":\"es\",\"potentialAction\":[{\"@type\":\"ReadAction\",\"target\":[\"https:\/\/nuchs.com.ar\/\"]}]},{\"@type\":\"ImageObject\",\"inLanguage\":\"es\",\"@id\":\"https:\/\/nuchs.com.ar\/#primaryimage\",\"url\":\"https:\/\/nuchs.com.ar\/wp-content\/uploads\/2019\/10\/70458367_2730192760373682_546444265253765120_n.jpg\",\"contentUrl\":\"https:\/\/nuchs.com.ar\/wp-content\/uploads\/2019\/10\/70458367_2730192760373682_546444265253765120_n.jpg\",\"width\":960,\"height\":960,\"caption\":\"Nuchs Chocolates Bahia Blanca\"},{\"@type\":\"BreadcrumbList\",\"@id\":\"https:\/\/nuchs.com.ar\/#breadcrumb\",\"itemListElement\":[{\"@type\":\"ListItem\",\"position\":1,\"name\":\"Portada\",\"item\":\"https:\/\/nuchs.com.ar\/\"},{\"@type\":\"ListItem\",\"position\":2,\"name\":\"Chocolates Nuchs, chocolate artesanal y productos patagonicos.\"}]},{\"@type\":\"WebSite\",\"@id\":\"https:\/\/nuchs.com.ar\/#website\",\"url\":\"https:\/\/nuchs.com.ar\/\",\"name\":\"NUCHS\",\"description\":\"Chocolate Gourmet en Bahia Blanca\",\"potentialAction\":[{\"@type\":\"SearchAction\",\"target\":{\"@type\":\"EntryPoint\",\"urlTemplate\":\"https:\/\/nuchs.com.ar\/?s={search_term_string}\"},\"query-input\":{\"@type\":\"PropertyValueSpecification\",\"valueRequired\":true,\"valueName\":\"search_term_string\"}}],\"inLanguage\":\"es\"}]}<\/script>\n<!-- \/ Yoast SEO plugin. -->","yoast_head_json":{"title":"Chocolates Nuchs, chocolate artesanal y productos patagonicos. - NUCHS","description":"Chocolates, Bombones, Trufas, en rama, barritas, Especiados, Amargo 80% Cacao, Chocolates con Stevia sin azucar, Productos regionales Patagonicos.","robots":{"index":"index","follow":"follow","max-snippet":"max-snippet:-1","max-image-preview":"max-image-preview:large","max-video-preview":"max-video-preview:-1"},"canonical":"https:\/\/nuchs.com.ar\/","og_locale":"es_ES","og_type":"article","og_title":"Chocolates Nuchs, chocolate artesanal y productos patagonicos. - NUCHS","og_description":"Chocolates, Bombones, Trufas, en rama, barritas, Especiados, Amargo 80% Cacao, Chocolates con Stevia sin azucar, Productos regionales Patagonicos.","og_url":"https:\/\/nuchs.com.ar\/","og_site_name":"NUCHS","article_modified_time":"2026-02-05T17:31:47+00:00","og_image":[{"width":960,"height":960,"url":"https:\/\/nuchs.com.ar\/wp-content\/uploads\/2019\/10\/70458367_2730192760373682_546444265253765120_n.jpg","type":"image\/jpeg"}],"twitter_card":"summary_large_image","twitter_misc":{"Tiempo de lectura":"3 minutos"},"schema":{"@context":"https:\/\/schema.org","@graph":[{"@type":"WebPage","@id":"https:\/\/nuchs.com.ar\/","url":"https:\/\/nuchs.com.ar\/","name":"Chocolates Nuchs, chocolate artesanal y productos patagonicos. - NUCHS","isPartOf":{"@id":"https:\/\/nuchs.com.ar\/#website"},"primaryImageOfPage":{"@id":"https:\/\/nuchs.com.ar\/#primaryimage"},"image":{"@id":"https:\/\/nuchs.com.ar\/#primaryimage"},"thumbnailUrl":"https:\/\/nuchs.com.ar\/wp-content\/uploads\/2019\/10\/70458367_2730192760373682_546444265253765120_n.jpg","datePublished":"2018-09-19T12:08:47+00:00","dateModified":"2026-02-05T17:31:47+00:00","description":"Chocolates, Bombones, Trufas, en rama, barritas, Especiados, Amargo 80% Cacao, Chocolates con Stevia sin azucar, Productos regionales Patagonicos.","breadcrumb":{"@id":"https:\/\/nuchs.com.ar\/#breadcrumb"},"inLanguage":"es","potentialAction":[{"@type":"ReadAction","target":["https:\/\/nuchs.com.ar\/"]}]},{"@type":"ImageObject","inLanguage":"es","@id":"https:\/\/nuchs.com.ar\/#primaryimage","url":"https:\/\/nuchs.com.ar\/wp-content\/uploads\/2019\/10\/70458367_2730192760373682_546444265253765120_n.jpg","contentUrl":"https:\/\/nuchs.com.ar\/wp-content\/uploads\/2019\/10\/70458367_2730192760373682_546444265253765120_n.jpg","width":960,"height":960,"caption":"Nuchs Chocolates Bahia Blanca"},{"@type":"BreadcrumbList","@id":"https:\/\/nuchs.com.ar\/#breadcrumb","itemListElement":[{"@type":"ListItem","position":1,"name":"Portada","item":"https:\/\/nuchs.com.ar\/"},{"@type":"ListItem","position":2,"name":"Chocolates Nuchs, chocolate artesanal y productos patagonicos."}]},{"@type":"WebSite","@id":"https:\/\/nuchs.com.ar\/#website","url":"https:\/\/nuchs.com.ar\/","name":"NUCHS","description":"Chocolate Gourmet en Bahia Blanca","potentialAction":[{"@type":"SearchAction","target":{"@type":"EntryPoint","urlTemplate":"https:\/\/nuchs.com.ar\/?s={search_term_string}"},"query-input":{"@type":"PropertyValueSpecification","valueRequired":true,"valueName":"search_term_string"}}],"inLanguage":"es"}]}},"_links":{"self":[{"href":"https:\/\/nuchs.com.ar\/index.php?rest_route=\/wp\/v2\/pages\/7","targetHints":{"allow":["GET"]}}],"collection":[{"href":"https:\/\/nuchs.com.ar\/index.php?rest_route=\/wp\/v2\/pages"}],"about":[{"href":"https:\/\/nuchs.com.ar\/index.php?rest_route=\/wp\/v2\/types\/page"}],"author":[{"embeddable":true,"href":"https:\/\/nuchs.com.ar\/index.php?rest_route=\/wp\/v2\/users\/1"}],"replies":[{"embeddable":true,"href":"https:\/\/nuchs.com.ar\/index.php?rest_route=%2Fwp%2Fv2%2Fcomments&post=7"}],"version-history":[{"count":5,"href":"https:\/\/nuchs.com.ar\/index.php?rest_route=\/wp\/v2\/pages\/7\/revisions"}],"predecessor-version":[{"id":10085,"href":"https:\/\/nuchs.com.ar\/index.php?rest_route=\/wp\/v2\/pages\/7\/revisions\/10085"}],"wp:featuredmedia":[{"embeddable":true,"href":"https:\/\/nuchs.com.ar\/index.php?rest_route=\/wp\/v2\/media\/138"}],"wp:attachment":[{"href":"https:\/\/nuchs.com.ar\/index.php?rest_route=%2Fwp%2Fv2%2Fmedia&parent=7"}],"curies":[{"name":"wp","href":"https:\/\/api.w.org\/{rel}","templated":true}]}}